uppose -3*f = -3*q - 0*q, -3*q - 10 = -5*f. Suppose -35 = -q*o - 4*a + 40, 3*a + 75 = 5*o. Calculate the greatest common divisor of o and 5.
5
Suppose q = 18 + 4. Let x be ((-10)/4)/(-5)*24. Let d = q - x. What is the greatest common factor of d and 90?
10
Let m(v) = 38*v + 2. Let b be m(3). Suppose u + 28 = b. Calculate the greatest common divisor of u and 22.
22
Let z(k) = -k**3 + k + 4. Suppose 0 = 4*j - 16, 3*j = 3*f + j + 20. Let a be z(f). Suppose -8*c + a = -6*c. Calculate the highest common factor of c and 8.
8
Let g = 183 + -97. Calculate the highest common factor of g and 129.
43
Let s = 106 - 76. Let g be ((-3)/9)/(4/(-240) + 0). What is the greatest common factor of s and g?
10
Suppose 0 = 5*l - l + 5*f - 255, 4*l - 3*f = 231. Let s be (-6 - -2)/12 + (-546)/(-18). What is the highest common divisor of s and l?
30
Let h = 23 + -1. Suppose 4*g = -0*g - 2*a + 250, a + 58 = g. Suppose 2*m + 5*w - w = 112, -w = m - g. What is the highest common factor of h and m?
22
Suppose 4*j + 22 = 214. Calculate the greatest common factor of j and 296.
8
Let d(y) = 9*y**2 + 3*y + 4. Let i be d(-3). Let j = 103 - i. What is the highest common factor of j and 243?
27
Let y(k) = k**3 + 4*k**2 - 4*k - 1. Suppose -2*m + 10 = t, 3*m - 13 = -3*t + 2*t. Let s = m + -7. Let d be y(s). What is the greatest common factor of 45 and d?
15
Suppose 3*r + 53 - 416 = 0. Calculate the highest common divisor of r and 198.
11
Let q(l) = -l**3 + 11*l**2 + 9*l - 89. Let v be q(11). Suppose -2*o = -0*o. Suppose c = -o*c + v. Calculate the highest common factor of c and 2.
2
Let i be 3 + (-1)/((-3)/9). Let c be 82 - 1/((-3)/i). Calculate the highest common divisor of 14 and c.
14
Let d(h) = -h**2 + 7*h + 6. Let o be d(7). Let g = o - -2. Suppose -41 = -2*c + v, 0*v + v - 79 = -4*c. Calculate the highest common divisor of c and g.
4
Suppose 463 = 12*t - 329. What is the greatest common divisor of t and 22?
22
Suppose -2*t = -1803 - 177. Suppose -o + 4*y = -198, -5*o + t = -6*y + 4*y. Calculate the highest common factor of 22 and o.
22
Let g = -6 + 20. Let j be ((-33)/(-22))/((-6)/(-8)). What is the greatest common divisor of g and j?
2
Suppose 0 = -2*i - 0*r + r, 11 = 5*i + 3*r. Let m = i - -11. What is the greatest common factor of 36 and m?
12
Suppose -28 = -2*c - 3*f - 4, 4*c - 5*f = 70. Suppose -77 = -c*m + 8*m. What is the highest common factor of 121 and m?
11
Let d be (-1)/((4 - 2) + 1667/(-833)). Calculate the highest common divisor of d and 49.
49
Let h be -5 + 3 - (-1 - 3). Suppose 74 - 86 = -h*p. Calculate the highest common divisor of 48 and p.
6
Suppose 43*l = 47*l - 12. Suppose -4*o - 2*d - l*d = 58, -d + 87 = -5*o. Let g = o - -53. What is the greatest common divisor of 4 and g?
4
Let z = 58 - 38. Let w = -18 + z. Calculate the highest common factor of 8 and w.
2
Let y(c) = -21*c + 196. Let k be y(8). Let n = 13 + 29. Calculate the greatest common factor of k and n.
14
Suppose 3 + 32 = 5*m. Calculate the highest common factor of m and 35.
7
Suppose 4*n = 21 + 7. Let z be 6/(-27) - 996/(-108). Let l(m) = m + 33. Let t be l(z). What is the greatest common factor of n and t?
7
Let w(d) = -3*d**2 - 30*d. Let z be w(-9). What is the highest common divisor of 2 and z?
1
Suppose -2*k = 2*k - 92. Let v(m) = m**3 + 18*m**2 + 30*m - 9. Let t be v(-16). Calculate the greatest common divisor of k and t.
23
Suppose 3*m = -v + 12, -5*v + 9 = -2*m - 0*m. Suppose -126 = m*i - 4*i. Calculate the highest common factor of 14 and i.
14
Suppose -13*c = -4*b - 9*c + 952, -b + 5*c + 218 = 0. What is the greatest common factor of b and 27?
27
Let d = -71 + -36. Let z(l) = -58*l**2 - l. Let g be z(-1). Let a = g - d. Calculate the highest common divisor of a and 75.
25
Suppose 28 = 3*m + 10. Let c(j) = j - 1. Let b be c(-5). Let k(o) = -o**2 - 6*o + 3. Let h be k(b). Calculate the highest common divisor of h and m.
3
Suppose -3*l - 4*s + 112 = 0, -121*l + 124*l = -2*s + 110. Let g = -81 + 121. Let v = g - 28. Calculate the greatest common divisor of v and l.
12
Suppose 8*f = -61 - 35. Let b(y) = y**2 + 11*y + 14. Let z be b(f). Calculate the highest common factor of z and 2.
2
Suppose -8*f = -372 - 12. Calculate the greatest common factor of 64 and f.
16
Let t = 11 + -5. Let x = 58 + -33. Let u = -7 + x. What is the highest common factor of t and u?
6
Let y(s) = 36*s**2 + 44*s + 46. Let u be y(-1). What is the greatest common factor of u and 1140?
38
Let f = 54 - -1. Suppose 3*o = -0*o. Suppose o = -5*d - 5, -6*g + g - 4*d + 21 = 0. Calculate the greatest common divisor of f and g.
5
Suppose 0 = -5*a - c - 1454, a - c + 108 = -178. Let u be (-4)/(-7) - a/7. What is the greatest common divisor of 28 and u?
14
Let h = -3173 + 3213. Suppose 58 = -5*a + 558. Calculate the greatest common divisor of a and h.
20
Suppose 0 = -5*j - 20, -7*j + 16 = 4*z - 2*j. Let o = 377 + -314. What is the highest common factor of z and o?
9
Let j(s) = -s**3 + 9*s**2 + 26. Let b be (-2 - -5) + (-13)/((-26)/12). Let k be j(b). Calculate the highest common divisor of k and 78.
26
Let f be 1/(-5) - 468/(-15). Let w = 32 - f. What is the highest common factor of w and 1?
1
Suppose 3*q - 146 - 701 = -4*f, -15 = -3*q. Calculate the highest common divisor of 16 and f.
16
Let d(q) = 2*q + 6. Let l be d(-1). Calculate the highest common factor of 1 and l.
1
Let l(a) = -29*a**3 - 2*a**2 - 2*a - 1. Let z be l(-1). Let x = 18 + -11. What is the greatest common divisor of x and z?
7
Let u be 6 + 4*3/4. Let x be (-6)/u + 60/9. Suppose -h = -21 - x. Calculate the highest common divisor of h and 9.
9
Let k(a) = 13*a - 45. Let i be k(6). Calculate the highest common divisor of i and 11.
11
Let c = -21 - -26. Suppose c*n - 10*n + 25 = 0. Calculate the highest common factor of n and 2.
1
Suppose -183*k + 179*k + 340 = 0. Calculate the greatest common divisor of k and 17.
17
Suppose -2*r = y - 24, -r = 5*y - 11 - 1. Suppose -5*j + 106 + 49 = -4*l, j - 2*l = 31. Let s = -1 + j. Calculate the highest common divisor of s and r.
6
Suppose -2*h + 16 = 2*a, 0*a + 5*a - 2*h = 75. Let z = a - 13. Suppose z = -2*c - 2*c + 40. Calculate the greatest common factor of c and 10.
10
Let r be ((-22)/(-8) - 8/(-32)) + 13. Let p(z) = 3*z**2 - 47*z - 3. Let g be p(r). What is the greatest common factor of 13 and g?
13
Let c(v) = 17*v**2 + 31*v - 149. Let w be c(7). Calculate the highest common divisor of 159 and w.
53
Let j = -290 + 486. Suppose -4*c + 8*c - j = 0. What is the greatest common factor of c and 21?
7
Let x be (728/(-16))/((-2)/20). Calculate the greatest common factor of 13 and x.
13
Let w be 8/1 - (-128 + 51). Calculate the greatest common factor of w and 10.
5
Let o be (15 - 0) + 1 + 0. Let m be (-61)/(39/21 - 2). Let x = -251 + m. What is the greatest common divisor of x and o?
16
Let q = -8 + 3. Let f be q*(54/(-10) - 1). Suppose -36 = -j - 4*x, x - 10 = -x. What is the greatest common divisor of j and f?
16
Suppose -9*r - 3 = -12*r. Suppose -4*p + 716 = k + 4*k, 0 = -p - r. What is the greatest common factor of 18 and k?
18
Suppose 4*l + 446 = 2*w, -2*w - 27*l + 25*l + 470 = 0. Calculate the greatest common divisor of w and 66.
33
Let m(w) = w**3 - 12*w**2 - 12*w - 14. Let o be m(13). Let a be o*(4 + -29)*9. Suppose -6*n + a = -n. Calculate the greatest common divisor of n and 5.
5
Suppose -2*t + 2*j = -4, 7*t = 4*t - 3*j + 6. Let n be (30/(-4))/(t/(-12)). What is the greatest common divisor of n and 9?
9
Let g(x) = -x**3 - 28*x**2 - 106*x + 8. Let i be g(-25). What is the greatest common divisor of 116 and i?
29
Let y(u) = -u**3 - 21*u**2 - 22*u - 38. Let c be y(-20). Suppose 0 = -c*b - 0*b + 30. What is the greatest common factor of 165 and b?
15
Let t = 144 + -123. Suppose -4*q + 0*q + z = -51, -5*z = 2*q - 53. What is the greatest common factor of t and q?
7
Suppose 5*i = 2*i - 3. Let p(k) = 8*k**3 + k**2. Let u be p(i). Let o be 6 + u - 33/(-3). What is the greatest common factor of o and 30?
10
Let k = -1 - -11. Let n = k + -7. Suppose n*x = 2*p - 206, 0*x - 98 = -p - x. What is the greatest common factor of 40 and p?
20
Suppose 0*r + 2*r = -20. Let l = -9 - r. Let n = 11 + l. Calculate the greatest common factor of 84 and n.
12
Let x be (278 + (-21)/(-3))*(-20)/(-15). What is the highest common divisor of 20 and x